{"id":902,"date":"2017-06-23T07:58:28","date_gmt":"2017-06-23T07:58:28","guid":{"rendered":"http:\/\/localhost\/construct\/?page_id=902"},"modified":"2025-07-07T20:29:02","modified_gmt":"2025-07-07T20:29:02","slug":"home-1-simple-slider","status":"publish","type":"page","link":"https:\/\/diarismakinalari.com.tr\/","title":{"rendered":"Home 1 &#8211; Simple Slider"},"content":{"rendered":"<div class=\"wpb-content-wrapper\"><p>[vc_row fullwidth=&#8221;yes&#8221;][vc_column][rev_slider_vc alias=&#8221;home-simple&#8221;][\/vc_column][\/vc_row][vc_row el_class=&#8221;bg-color&#8221; css=&#8221;.vc_custom_1497500641462{padding-top: 32px !important;padding-bottom: 32px !important;}&#8221;][vc_column]\n\t\t\t<div class=\"col-md-8\">\n\t        <div class=\"wprt-spacer\" data-desktop=\"8\" data-mobi=\"0\" data-smobi=\"0\"><\/div>\n\t        <h2 class=\"text-white text-center-mobile font-size-20 margin-bottom-0\">END\u00dcSTR\u0130YEL K\u0130RALAMADA 10. YILIMIZ<\/h2>\n\t        <div class=\"wprt-spacer\" data-desktop=\"0\" data-mobi=\"20\" data-smobi=\"20\"><\/div>\n\t    <\/div>\n\n\t    <div class=\"col-md-4\">\n\t        <div class=\"text-right text-center-mobile\">\n\t        \n\t        <a class=\"wprt-button white rounded-3px\" href=\"https:\/\/diarismakinalari.com.tr\/about-us\/\" target=\"_self\">B\u0130LG\u0130 AL<\/a>\t        <\/div>\n\t    <\/div>\n\t\n[\/vc_column][\/vc_row][vc_row css=&#8221;.vc_custom_1497500715270{padding-top: 80px !important;padding-bottom: 80px !important;}&#8221;][vc_column]\n    <h2 class=\"text-center\" >H\u0130ZMETLER\u0130M\u0130Z<\/h2>\n    \t    <div class=\"wprt-lines style-2 custom-1\">\n\t        <div class=\"line-1\"><\/div>\n\t    <\/div>\n    \n        \t\n[vc_empty_space height=&#8221;50px&#8221;][\/vc_column][vc_column offset=&#8221;vc_col-md-4&#8243;]\n\t<div class=\"wprt-icon-box accent-background icon-left rounded icon-effect-2 width-70\">\n        <div class=\"icon-wrap font-size-40\">\n            <span class=\"dd-icon  icon-drawing\"><\/span>\n        <\/div>\n        <div class=\"content-wrap\">\n            <h3 class=\"dd-title font-size-18\">Temizlik Ara\u00e7lar\u0131<\/h3>\n            <p><\/p>\n<p data-start=\"180\" data-end=\"375\">Cadde, meydan ve a\u00e7\u0131k alan temizli\u011fi i\u00e7in modern yol s\u00fcp\u00fcrge ara\u00e7lar\u0131, zemin y\u0131kama makineleri ve \u00e7evre temizlik ekipmanlar\u0131 sunuyoruz. Sat\u0131\u015f ve kiralama se\u00e7enekleriyle esnek \u00e7\u00f6z\u00fcmler \u00fcretiyoruz.<\/p>\n<h3 data-start=\"377\" data-end=\"416\"><\/h3>\n<p><\/p>\n        <\/div>\n    <\/div>\n\n[vc_empty_space height=&#8221;50px&#8221;]\n\t<div class=\"wprt-icon-box accent-background icon-left rounded icon-effect-2 width-70\">\n        <div class=\"icon-wrap font-size-40\">\n            <span class=\"dd-icon  icon-engineer\"><\/span>\n        <\/div>\n        <div class=\"content-wrap\">\n            <h3 class=\"dd-title font-size-18\">Servis & Bak\u0131m Hizmeti<\/h3>\n            <p>Sat\u0131\u015f sonras\u0131 t\u00fcm \u00fcr\u00fcnlerimize d\u00fczenli bak\u0131m, ar\u0131za tespiti ve h\u0131zl\u0131 teknik destek sa\u011fl\u0131yoruz. E\u011fitimli teknik ekibimizle sahada daima yan\u0131n\u0131zday\u0131z.<\/p>\n        <\/div>\n    <\/div>\n\n[vc_column_text]<\/p>\n<div class=\"wprt-spacer\" data-desktop=\"0\" data-mobi=\"40\" data-smobi=\"40\"><\/div>\n<p>[\/vc_column_text][\/vc_column][vc_column offset=&#8221;vc_col-md-4&#8243;]\n\t<div class=\"wprt-icon-box accent-background icon-left rounded icon-effect-2 width-70\">\n        <div class=\"icon-wrap font-size-40\">\n            <span class=\"dd-icon  icon-drawing-compass\"><\/span>\n        <\/div>\n        <div class=\"content-wrap\">\n            <h3 class=\"dd-title font-size-18\">Park & Bah\u00e7e Bak\u0131m Ekipmanlar\u0131<\/h3>\n            <p><\/p>\n<p data-start=\"417\" data-end=\"583\">Belediye ve peyzaj ekipleri i\u00e7in; \u00e7im bi\u00e7me makineleri, t\u0131rpanlar, blowerlar, budama ve bak\u0131m ara\u00e7lar\u0131 gibi park ve ye\u015fil alan d\u00fczenleme ekipmanlar\u0131 tedarik ediyoruz.<\/p>\n<h3 data-start=\"585\" data-end=\"608\"><\/h3>\n<p><\/p>\n        <\/div>\n    <\/div>\n\n[vc_empty_space height=&#8221;50px&#8221;]\n\t<div class=\"wprt-icon-box accent-background icon-left rounded icon-effect-2 width-70\">\n        <div class=\"icon-wrap font-size-40\">\n            <span class=\"dd-icon  icon-drill-2\"><\/span>\n        <\/div>\n        <div class=\"content-wrap\">\n            <h3 class=\"dd-title font-size-18\">Kurumsal Tedarik ve \u00c7\u00f6z\u00fcm Ortakl\u0131\u011f\u0131<\/h3>\n            <p>Toplu al\u0131m, \u00f6zel ihaleler ve belediye projeleri i\u00e7in h\u0131zl\u0131 teklif, do\u011fru \u00fcr\u00fcn, eksiksiz teslimat. Diar, projenizin her a\u015famas\u0131nda \u00e7\u00f6z\u00fcm orta\u011f\u0131n\u0131z.<\/p>\n        <\/div>\n    <\/div>\n\n[vc_column_text]<\/p>\n<div class=\"wprt-spacer\" data-desktop=\"0\" data-mobi=\"40\" data-smobi=\"40\"><\/div>\n<p>[\/vc_column_text][\/vc_column][vc_column offset=&#8221;vc_col-md-4&#8243;]\n\t<div class=\"wprt-icon-box accent-background icon-left rounded icon-effect-2 width-70\">\n        <div class=\"icon-wrap font-size-40\">\n            <span class=\"dd-icon  icon-light-bulb\"><\/span>\n        <\/div>\n        <div class=\"content-wrap\">\n            <h3 class=\"dd-title font-size-18\">\u0130\u015f Makineleri<\/h3>\n            <p>\u015eantiye ve altyap\u0131 \u00e7al\u0131\u015fmalar\u0131nda ihtiya\u00e7 duyulan mini ekskavat\u00f6r, kep\u00e7e, bobcat, forklift ve benzeri a\u011f\u0131r hizmet makinelerinin teminini ve kiralamas\u0131n\u0131 sa\u011fl\u0131yoruz. Hizmetlerimizle yan\u0131n\u0131zdaki g\u00fcc\u00fcz..<\/p>\n        <\/div>\n    <\/div>\n\n[vc_empty_space height=&#8221;50px&#8221;]\n\t<div class=\"wprt-icon-box accent-background icon-left rounded icon-effect-2 width-70\">\n        <div class=\"icon-wrap font-size-40\">\n            <span class=\"dd-icon  icon-pipe-11\"><\/span>\n        <\/div>\n        <div class=\"content-wrap\">\n            <h3 class=\"dd-title font-size-18\">Dan\u0131\u015fmanl\u0131k ve Uygulama Deste\u011fi<\/h3>\n            <p>Temizlik ara\u00e7lar\u0131, i\u015f makineleri ve park bah\u00e7e ekipmanlar\u0131n\u0131n do\u011fru se\u00e7imi ve kullan\u0131m\u0131 i\u00e7in dan\u0131\u015fmanl\u0131k hizmeti sunuyoruz. Sat\u0131n alma \u00f6ncesi ke\u015fif, \u00fcr\u00fcn tavsiyesi, e\u011fitim ve kurulum deste\u011fiyle i\u015fletmenizin yan\u0131nda yer al\u0131yoruz.<\/p>\n        <\/div>\n    <\/div>\n\n[\/vc_column][\/vc_row][vc_row css=&#8221;.vc_custom_1497501529925{padding-top: 80px !important;padding-bottom: 80px !important;}&#8221;][vc_column offset=&#8221;vc_col-md-6&#8243;]\n    <h2 class=\"text-left\" >NEDEN D\u0130AR?<\/h2>\n    \t    <div class=\"wprt-lines style-1 custom-3\">\n\t        <div class=\"line-1\"><\/div>\n\t    <\/div>\n    \n        \t\n[vc_empty_space height=&#8221;50px&#8221;][vc_tta_accordion shape=&#8221;square&#8221; gap=&#8221;10&#8243; c_icon=&#8221;&#8221; active_section=&#8221;2&#8243; collapsible_all=&#8221;true&#8221;][vc_tta_section title=&#8221;Kaliteden \u00d6d\u00fcn Vermeyen \u00dcr\u00fcnler&#8221; tab_id=&#8221;1497501806433-d7f319fd-0907&#8243;][vc_column_text css=&#8221;&#8221;]T\u00fcm temizlik ara\u00e7lar\u0131, i\u015f makineleri ve park-bah\u00e7e ekipmanlar\u0131m\u0131z y\u00fcksek kalite standartlar\u0131nda \u00fcretilmi\u015f, dayan\u0131kl\u0131l\u0131\u011f\u0131 kan\u0131tlanm\u0131\u015f \u00fcr\u00fcnlerden olu\u015fur. G\u00fcvenilir markalarla \u00e7al\u0131\u015f\u0131r, m\u00fc\u015fterilerimize uzun \u00f6m\u00fcrl\u00fc \u00e7\u00f6z\u00fcmler sunar\u0131z.[\/vc_column_text][\/vc_tta_section][vc_tta_section title=&#8221;G\u00fc\u00e7l\u00fc Sat\u0131\u015f Sonras\u0131 Destek&#8221; tab_id=&#8221;1497501878002-212d57ef-23fd&#8221;][vc_column_text css=&#8221;&#8221;]Diar, sadece sat\u0131\u015fta de\u011fil, sat\u0131\u015f sonras\u0131nda da yan\u0131n\u0131zdad\u0131r. Teknik servis, yedek par\u00e7a temini, bak\u0131m ve kullan\u0131c\u0131 e\u011fitimi gibi hizmetlerle m\u00fc\u015fterilerimizin operasyonlar\u0131n\u0131 kesintisiz destekleriz.[\/vc_column_text][\/vc_tta_section][vc_tta_section title=&#8221;Kurumsal ve \u00d6l\u00e7eklenebilir \u00c7\u00f6z\u00fcmler&#8221; tab_id=&#8221;1497501876896-b3ca63ee-17eb&#8221;][vc_column_text css=&#8221;&#8221;]Belediyeler, kamu kurumlar\u0131 ve \u00f6zel sekt\u00f6r projeleri i\u00e7in esnek, ihtiyaca \u00f6zel \u00e7\u00f6z\u00fcmler geli\u015ftiririz. Proje bazl\u0131 tekliflendirme, saha ke\u015ffi ve dan\u0131\u015fmanl\u0131k deste\u011fiyle etkin hizmet sunar\u0131z.[\/vc_column_text][\/vc_tta_section][vc_tta_section title=&#8221;Esnek Tedarik ve Kiralama Se\u00e7enekleri&#8221; tab_id=&#8221;1497501875799-d641cc76-1f8c&#8221;][vc_column_text css=&#8221;&#8221;]Farkl\u0131 s\u00fcre ve \u00f6l\u00e7eklerde sat\u0131n alma ve kiralama modelleriyle kurumlara \u00f6zel esneklik sa\u011flar\u0131z. K\u0131sa veya uzun d\u00f6nemli ihtiya\u00e7lara uygun, b\u00fct\u00e7eye ve plana g\u00f6re yap\u0131land\u0131r\u0131lm\u0131\u015f hizmet sunar\u0131z.[\/vc_column_text][\/vc_tta_section][\/vc_tta_accordion][vc_column_text css=&#8221;.vc_custom_1497520256136{margin-bottom: 0px !important;}&#8221;]<\/p>\n<div class=\"wprt-spacer\" data-desktop=\"0\" data-mobi=\"35\" data-smobi=\"35\"><\/div>\n<p>[\/vc_column_text][\/vc_column][vc_column offset=&#8221;vc_col-md-6&#8243;]\n    <h2 class=\"text-left\" >NERDEY\u0130Z?<\/h2>\n    \t    <div class=\"wprt-lines style-1 custom-3\">\n\t        <div class=\"line-1\"><\/div>\n\t    <\/div>\n    \n        \t\n[vc_empty_space height=&#8221;50px&#8221;]\t\n\t<div class=\"wprt-galleries galleries w-770px\" data-width=\"142\" data-margin=\"15\">\n        <div id=\"wprt-slider\" class=\"flexslider\">\n            <ul class=\"slides\">\n                \t                <li class=\"flex-active-slide\">\n\t                <a class=\"zoom\" href=\"\"><i class=\"fa fa-arrows-alt\"><\/i><\/a>\n\t                \t                <\/li>\n\t            \t                <li class=\"flex-active-slide\">\n\t                <a class=\"zoom\" href=\"\"><i class=\"fa fa-arrows-alt\"><\/i><\/a>\n\t                \t                <\/li>\n\t            \t                <li class=\"flex-active-slide\">\n\t                <a class=\"zoom\" href=\"\"><i class=\"fa fa-arrows-alt\"><\/i><\/a>\n\t                \t                <\/li>\n\t            \t                <li class=\"flex-active-slide\">\n\t                <a class=\"zoom\" href=\"\"><i class=\"fa fa-arrows-alt\"><\/i><\/a>\n\t                \t                <\/li>\n\t                            \n            <\/ul>\n        <\/div>\n\n        <div id=\"wprt-carousel\" class=\"flexslider\">\n            <ul class=\"slides\">\n            \t                \t<li><\/li>\n                                \t<li><\/li>\n                                \t<li><\/li>\n                                \t<li><\/li>\n                            <\/ul>\n        <\/div>\n    <\/div>\t\n\n[vc_goo_maps location=&#8221;Talaytepe, X583+XC, 21070 Kayap\u0131nar\/Diyarbak\u0131r&#8221; zoom=&#8221;13&#8243; css=&#8221;&#8221;][\/vc_column][\/vc_row][vc_row parallax_bg=&#8221;true&#8221; css=&#8221;.vc_custom_1751917919534{padding-top: 120px !important;padding-bottom: 120px !important;background-image: url(https:\/\/diarismakinalari.com.tr\/wp-content\/uploads\/2025\/07\/Kirmizi-ve-Beyaz-Carpici-19-Mayis-Zoom-Sanal-Arka-Plani.png?id=1037) !important;background-position: center !important;background-repeat: no-repeat !important;background-size: cover !important;}&#8221;][vc_column width=&#8221;1\/3&#8243;][\/vc_column][vc_column offset=&#8221;vc_col-md-8&#8243;][vc_column_text css=&#8221;.vc_custom_1751915228935{margin-bottom: 20px !important;}&#8221;]<\/p>\n<h2 class=\"text-right text-center-mobile text-white font-family-extend font-size-25 margin-bottom-0 line-height-normal letter-spacing-1px\">G\u00fcvenin Temeli:<\/h2>\n<h3 class=\"text-right text-center-mobile text-white font-family-heading font-size-70 line-height-normal margin-bottom-20 letter-spacing-1px\"><strong>VER\u0130LERLE B\u0130Z<\/strong><\/h3>\n<p>[\/vc_column_text][\/vc_column][vc_column width=&#8221;1\/2&#8243;][\/vc_column][vc_column offset=&#8221;vc_col-md-2&#8243;]\n\t<div class=\"wprt-counter text-center white-type has-plus\">\n        <div class=\"number\" data-speed=\"5000\" data-to=\"72\" data-in-viewport=\"yes\">72<\/div>\n        <div class=\"text\">TAMAMLANMI\u015e PROJE<\/div>\n    <\/div>\n    \t\n[\/vc_column][vc_column offset=&#8221;vc_col-md-2&#8243;]\n\t<div class=\"wprt-counter text-center white-type has-plus\">\n        <div class=\"number\" data-speed=\"5000\" data-to=\"13\" data-in-viewport=\"yes\">13<\/div>\n        <div class=\"text\">MEMNUN KURUM<\/div>\n    <\/div>\n    \t\n[\/vc_column][vc_column offset=&#8221;vc_col-md-2&#8243;]\n\t<div class=\"wprt-counter text-center white-type has-plus\">\n        <div class=\"number\" data-speed=\"5000\" data-to=\"50\" data-in-viewport=\"yes\">50<\/div>\n        <div class=\"text\">UZMAN PERSONEL<\/div>\n    <\/div>\n    \t\n[\/vc_column][\/vc_row][vc_row][vc_column][vc_empty_space]\n    <h2 class=\"text-left\" >\u00c7\u00d6Z\u00dcM ORTAKLARIMIZ<\/h2>\n    \t    <div class=\"wprt-lines style-1 custom-3\">\n\t        <div class=\"line-1\"><\/div>\n\t    <\/div>\n    \n        \t\n[vc_empty_space height=&#8221;50px&#8221;]\n\t\t\n        <div class=\"wprt-partners\">\n\t        <div id=\"partner-69e22e20845d0\" class=\"owl-carousel\">\n\t        \t\t\t\t\t<div class=\"partner\">\n\t\t\t\t\t\t            \t\t<img loading=\"lazy\" decoding=\"async\" width=\"1920\" height=\"1080\" src=\"https:\/\/diarismakinalari.com.tr\/wp-content\/uploads\/2025\/07\/Adsiz-tasarim-16.png\" class=\"img-responsive\" alt=\"\" srcset=\"https:\/\/diarismakinalari.com.tr\/wp-content\/uploads\/2025\/07\/Adsiz-tasarim-16.png 1920w, https:\/\/diarismakinalari.com.tr\/wp-content\/uploads\/2025\/07\/Adsiz-tasarim-16-300x169.png 300w, https:\/\/diarismakinalari.com.tr\/wp-content\/uploads\/2025\/07\/Adsiz-tasarim-16-1024x576.png 1024w, https:\/\/diarismakinalari.com.tr\/wp-content\/uploads\/2025\/07\/Adsiz-tasarim-16-768x432.png 768w, https:\/\/diarismakinalari.com.tr\/wp-content\/uploads\/2025\/07\/Adsiz-tasarim-16-1536x864.png 1536w, https:\/\/diarismakinalari.com.tr\/wp-content\/uploads\/2025\/07\/Adsiz-tasarim-16-600x338.png 600w\" sizes=\"auto, (max-width: 1920px) 100vw, 1920px\" \/>\t            \t\t\t\t\t<\/div>\n\t\t\t\t\t\t\t\t<div class=\"partner\">\n\t\t\t\t\t\t            \t\t<img loading=\"lazy\" decoding=\"async\" width=\"1920\" height=\"1080\" src=\"https:\/\/diarismakinalari.com.tr\/wp-content\/uploads\/2025\/07\/Adsiz-tasarim-15.png\" class=\"img-responsive\" alt=\"\" srcset=\"https:\/\/diarismakinalari.com.tr\/wp-content\/uploads\/2025\/07\/Adsiz-tasarim-15.png 1920w, https:\/\/diarismakinalari.com.tr\/wp-content\/uploads\/2025\/07\/Adsiz-tasarim-15-300x169.png 300w, https:\/\/diarismakinalari.com.tr\/wp-content\/uploads\/2025\/07\/Adsiz-tasarim-15-1024x576.png 1024w, https:\/\/diarismakinalari.com.tr\/wp-content\/uploads\/2025\/07\/Adsiz-tasarim-15-768x432.png 768w, https:\/\/diarismakinalari.com.tr\/wp-content\/uploads\/2025\/07\/Adsiz-tasarim-15-1536x864.png 1536w, https:\/\/diarismakinalari.com.tr\/wp-content\/uploads\/2025\/07\/Adsiz-tasarim-15-600x338.png 600w\" sizes=\"auto, (max-width: 1920px) 100vw, 1920px\" \/>\t            \t\t\t\t\t<\/div>\n\t\t\t\t\t\t\t\t<div class=\"partner\">\n\t\t\t\t\t\t            \t\t<img loading=\"lazy\" decoding=\"async\" width=\"1920\" height=\"1080\" src=\"https:\/\/diarismakinalari.com.tr\/wp-content\/uploads\/2025\/07\/Adsiz-tasarim-14.png\" class=\"img-responsive\" alt=\"\" srcset=\"https:\/\/diarismakinalari.com.tr\/wp-content\/uploads\/2025\/07\/Adsiz-tasarim-14.png 1920w, https:\/\/diarismakinalari.com.tr\/wp-content\/uploads\/2025\/07\/Adsiz-tasarim-14-300x169.png 300w, https:\/\/diarismakinalari.com.tr\/wp-content\/uploads\/2025\/07\/Adsiz-tasarim-14-1024x576.png 1024w, https:\/\/diarismakinalari.com.tr\/wp-content\/uploads\/2025\/07\/Adsiz-tasarim-14-768x432.png 768w, https:\/\/diarismakinalari.com.tr\/wp-content\/uploads\/2025\/07\/Adsiz-tasarim-14-1536x864.png 1536w, https:\/\/diarismakinalari.com.tr\/wp-content\/uploads\/2025\/07\/Adsiz-tasarim-14-600x338.png 600w\" sizes=\"auto, (max-width: 1920px) 100vw, 1920px\" \/>\t            \t\t\t\t\t<\/div>\n\t\t\t\t\t\t\t\t<div class=\"partner\">\n\t\t\t\t\t\t            \t\t<img loading=\"lazy\" decoding=\"async\" width=\"1920\" height=\"1080\" src=\"https:\/\/diarismakinalari.com.tr\/wp-content\/uploads\/2025\/07\/Adsiz-tasarim-17.png\" class=\"img-responsive\" alt=\"\" srcset=\"https:\/\/diarismakinalari.com.tr\/wp-content\/uploads\/2025\/07\/Adsiz-tasarim-17.png 1920w, https:\/\/diarismakinalari.com.tr\/wp-content\/uploads\/2025\/07\/Adsiz-tasarim-17-300x169.png 300w, https:\/\/diarismakinalari.com.tr\/wp-content\/uploads\/2025\/07\/Adsiz-tasarim-17-1024x576.png 1024w, https:\/\/diarismakinalari.com.tr\/wp-content\/uploads\/2025\/07\/Adsiz-tasarim-17-768x432.png 768w, https:\/\/diarismakinalari.com.tr\/wp-content\/uploads\/2025\/07\/Adsiz-tasarim-17-1536x864.png 1536w, https:\/\/diarismakinalari.com.tr\/wp-content\/uploads\/2025\/07\/Adsiz-tasarim-17-600x338.png 600w\" sizes=\"auto, (max-width: 1920px) 100vw, 1920px\" \/>\t            \t\t\t\t\t<\/div>\n\t\t\t\t\t\t\t\t<div class=\"partner\">\n\t\t\t\t\t\t            \t\t<img loading=\"lazy\" decoding=\"async\" width=\"1920\" height=\"1080\" src=\"https:\/\/diarismakinalari.com.tr\/wp-content\/uploads\/2025\/07\/Adsiz-tasarim-18.png\" class=\"img-responsive\" alt=\"\" srcset=\"https:\/\/diarismakinalari.com.tr\/wp-content\/uploads\/2025\/07\/Adsiz-tasarim-18.png 1920w, https:\/\/diarismakinalari.com.tr\/wp-content\/uploads\/2025\/07\/Adsiz-tasarim-18-300x169.png 300w, https:\/\/diarismakinalari.com.tr\/wp-content\/uploads\/2025\/07\/Adsiz-tasarim-18-1024x576.png 1024w, https:\/\/diarismakinalari.com.tr\/wp-content\/uploads\/2025\/07\/Adsiz-tasarim-18-768x432.png 768w, https:\/\/diarismakinalari.com.tr\/wp-content\/uploads\/2025\/07\/Adsiz-tasarim-18-1536x864.png 1536w, https:\/\/diarismakinalari.com.tr\/wp-content\/uploads\/2025\/07\/Adsiz-tasarim-18-600x338.png 600w\" sizes=\"auto, (max-width: 1920px) 100vw, 1920px\" \/>\t            \t\t\t\t\t<\/div>\n\t\t\t\t\t\t\t<\/div>\n\t\t<\/div>\n\t\t<script>\n\t\t\t(function($) { \"use strict\";\t\n\n\t\t\t\t$( \"#partner-69e22e20845d0\" ).owlCarousel({\n    \t\t\t\tautoplay: true,\n\t            \tautoplayTimeout: 6000,\n\t\t            items : 4,\n\t\t            responsiveClass:true,\n\t\t            navigation : false,\n\t\t            pagination : false,\n\t\t            navigationText: [\"\",\"\"],\n\t\t            responsive : {\n\t\t\t            \/\/ breakpoint from 0 up\n\t\t\t            0 : {\n\t\t\t               items:1,\n\t\t\t            },\n\t\t\t            \/\/ breakpoint from 480 up\n\t\t\t            480 : {\n\t\t\t               items:1,\n\t\t\t            },\n\t\t\t            \/\/ breakpoint from 768 up\n\t\t\t            768 : {\n\t\t\t                items:3,\n\t\t\t            },\n\t\t\t            992 : {\n\t\t\t                items:3,\n\t\t\t            },\n\t\t\t            1440 : {\n\t\t\t                items:4 - 1,\n\t\t\t            },\n\t\t\t            1920 : {\n\t\t\t                items:4,\n\t\t\t            }\n\t\t\t        },\n\t\t            \n\t\t        }); \n\n\t\t\t})(jQuery); \n\t\t<\/script>\n\t\n[vc_empty_space][\/vc_column][\/vc_row]<\/p>\n<\/div>","protected":false},"excerpt":{"rendered":"<p>[vc_row fullwidth=&#8221;yes&#8221;][vc_column][rev_slider_vc alias=&#8221;home-simple&#8221;][\/vc_column][\/vc_row][vc_row el_class=&#8221;bg-color&#8221; css=&#8221;.vc_custom_1497500641462{padding-top: 32px !important;padding-bottom: 32px !important;}&#8221;][vc_column][\/vc_column][\/vc_row][vc_row css=&#8221;.vc_custom_1497500715270{padding-top: 80px !important;padding-bottom: 80px !important;}&#8221;][vc_column][vc_empty_space height=&#8221;50px&#8221;][\/vc_column][vc_column offset=&#8221;vc_col-md-4&#8243;][vc_empty_space height=&#8221;50px&#8221;][vc_column_text] [\/vc_column_text][\/vc_column][vc_column offset=&#8221;vc_col-md-4&#8243;][vc_empty_space height=&#8221;50px&#8221;][vc_column_text] [\/vc_column_text][\/vc_column][vc_column offset=&#8221;vc_col-md-4&#8243;][vc_empty_space height=&#8221;50px&#8221;][\/vc_column][\/vc_row][vc_row css=&#8221;.vc_custom_1497501529925{padding-top: 80px !important;padding-bottom: 80px !important;}&#8221;][vc_column offset=&#8221;vc_col-md-6&#8243;][vc_empty_space height=&#8221;50px&#8221;][vc_tta_accordion shape=&#8221;square&#8221; gap=&#8221;10&#8243; c_icon=&#8221;&#8221; active_section=&#8221;2&#8243; collapsible_all=&#8221;true&#8221;][vc_tta_section title=&#8221;Kaliteden \u00d6d\u00fcn Vermeyen \u00dcr\u00fcnler&#8221; tab_id=&#8221;1497501806433-d7f319fd-0907&#8243;][vc_column_text css=&#8221;&#8221;]T\u00fcm temizlik ara\u00e7lar\u0131, i\u015f makineleri ve park-bah\u00e7e ekipmanlar\u0131m\u0131z y\u00fcksek kalite standartlar\u0131nda \u00fcretilmi\u015f, dayan\u0131kl\u0131l\u0131\u011f\u0131 kan\u0131tlanm\u0131\u015f \u00fcr\u00fcnlerden [&hellip;]<\/p>\n","protected":false},"author":1,"featured_media":0,"parent":0,"menu_order":0,"comment_status":"closed","ping_status":"closed","template":"page-templates\/template-canvas.php","meta":{"footnotes":""},"class_list":["post-902","page","type-page","status-publish","hentry"],"_links":{"self":[{"href":"https:\/\/diarismakinalari.com.tr\/index.php?rest_route=\/wp\/v2\/pages\/902","targetHints":{"allow":["GET"]}}],"collection":[{"href":"https:\/\/diarismakinalari.com.tr\/index.php?rest_route=\/wp\/v2\/pages"}],"about":[{"href":"https:\/\/diarismakinalari.com.tr\/index.php?rest_route=\/wp\/v2\/types\/page"}],"author":[{"embeddable":true,"href":"https:\/\/diarismakinalari.com.tr\/index.php?rest_route=\/wp\/v2\/users\/1"}],"replies":[{"embeddable":true,"href":"https:\/\/diarismakinalari.com.tr\/index.php?rest_route=%2Fwp%2Fv2%2Fcomments&post=902"}],"version-history":[{"count":17,"href":"https:\/\/diarismakinalari.com.tr\/index.php?rest_route=\/wp\/v2\/pages\/902\/revisions"}],"predecessor-version":[{"id":1057,"href":"https:\/\/diarismakinalari.com.tr\/index.php?rest_route=\/wp\/v2\/pages\/902\/revisions\/1057"}],"wp:attachment":[{"href":"https:\/\/diarismakinalari.com.tr\/index.php?rest_route=%2Fwp%2Fv2%2Fmedia&parent=902"}],"curies":[{"name":"wp","href":"https:\/\/api.w.org\/{rel}","templated":true}]}}